s the highest common divisor of 655365 and 705?
15
What is the greatest common divisor of 3780044 and 46612?
172
Calculate the greatest common factor of 1403880 and 18996.
12
What is the highest common factor of 19091194 and 50754?
1538
Calculate the highest common factor of 3422510 and 24752.
182
What is the highest common factor of 24840 and 159435?
135
What is the highest common factor of 312210775 and 25?
25
Calculate the highest common divisor of 403200 and 276192.
2016
Calculate the highest common divisor of 16768 and 4408412.
524
What is the greatest common divisor of 1945 and 3168955?
5
What is the greatest common factor of 187 and 46274?
17
Calculate the highest common factor of 2919026 and 10948982.
10538
Calculate the greatest common factor of 389834 and 62.
2
Calculate the greatest common factor of 113264604 and 1537.
1537
What is the highest common divisor of 65211337 and 238?
17
Calculate the highest common factor of 265930 and 235480.
2030
What is the highest common divisor of 78858 and 1304550?
234
What is the highest common divisor of 531096 and 192?
24
What is the highest common factor of 224472 and 269592?
1128
What is the greatest common factor of 211915560 and 216?
24
Calculate the highest common factor of 100 and 4065275.
25
Calculate the highest common factor of 16315715 and 927.
103
What is the highest common divisor of 3402 and 100566144?
378
What is the highest common divisor of 1572698 and 4?
2
What is the highest common factor of 145080 and 56485?
65
What is the greatest common divisor of 19638838 and 6184?
1546
What is the highest common factor of 516 and 929004?
12
Calculate the greatest common divisor of 1581433 and 63.
7
Calculate the greatest common divisor of 4419 and 85536128.
491
Calculate the greatest common factor of 4346 and 1682803.
53
Calculate the highest common factor of 52 and 13035217.
13
Calculate the highest common factor of 7313000 and 30.
10
Calculate the greatest common divisor of 62200 and 37300.
100
What is the greatest common divisor of 12793 and 20977?
11
What is the highest common divisor of 37129844 and 292?
292
Calculate the highest common divisor of 15 and 10878915.
15
What is the greatest common factor of 104 and 469939574?
26
What is the highest common divisor of 438210 and 226138?
1082
Calculate the highest common divisor of 391729 and 338.
13
Calculate the greatest common divisor of 49643341 and 594.
11
What is the highest common divisor of 53 and 7972843?
53
Calculate the highest common divisor of 442595671 and 133.
133
Calculate the greatest common factor of 11480510 and 20.
10
Calculate the highest common factor of 1283761 and 12118.
83
What is the greatest common divisor of 12834276 and 113666?
322
Calculate the greatest common factor of 22446165 and 2793.
147
Calculate the greatest common factor of 2769703 and 58.
29
Calculate the highest common divisor of 513 and 74647143.
513
Calculate the highest common factor of 8008802 and 34.
34
What is the greatest common divisor of 316472386 and 6172?
3086
Calculate the highest common factor of 164 and 5032996.
164
Calculate the greatest common factor of 474985 and 5397035.
1435
What is the greatest common factor of 13484523 and 273?
39
What is the highest common divisor of 6010 and 6101500?
10
What is the greatest common factor of 3832 and 9941166?
958
Calculate the greatest common factor of 3250 and 627134300.
650
Calculate the highest common divisor of 600 and 371918100.
300
Calculate the highest common factor of 29982560 and 165920.
2720
Calculate the highest common divisor of 4 and 86328586.
2
Calculate the greatest common divisor of 845 and 2649105.
5
Calculate the greatest common factor of 25854 and 764778.
834
Calculate the greatest common factor of 86388 and 626796.
276
Calculate the greatest common divisor of 118 and 8606861.
59
What is the highest common factor of 1355480 and 963256?
5768
What is the highest common divisor of 672024 and 312?
24
What is the highest common divisor of 458932 and 11560?
1156
What is the greatest common factor of 680 and 27662120?
40
Calculate the highest common factor of 47125184 and 21472.
1952
Calculate the greatest common factor of 170 and 571115.
85
What is the greatest common divisor of 9101001 and 140238?
1113
Calculate the greatest common divisor of 736806 and 1806.
42
Calculate the greatest common factor of 12372 and 95184.
12
What is the highest common divisor of 150626795 and 106?
53
Calculate the greatest common factor of 1213436 and 4042108.
8036
What is the greatest common divisor of 36273614 and 78?
26
What is the greatest common factor of 107 and 37516982?
107
What is the greatest common divisor of 6937 and 254814839?
991
Calculate the greatest common divisor of 29376 and 5908928.
1088
Calculate the greatest common divisor of 5920 and 237264.
16
Calculate the greatest common factor of 379899 and 1560039.
663
Calculate the highest common factor of 85 and 77543273.
17
Calculate the highest common factor of 2064560 and 822680.
5240
What is the greatest common divisor of 429543 and 1701?
81
What is the greatest common factor of 21077855 and 5235?
1745
What is the greatest common factor of 665 and 703855?
95
Calculate the greatest common divisor of 381789 and 17975.
719
What is the highest common factor of 7 and 6039649?
7
What is the greatest common divisor of 146 and 932367826?
146
What is the greatest common divisor of 2154 and 170733579?
1077
Calculate the highest common factor of 36096489 and 1431.
27
What is the greatest common divisor of 10346127 and 456?
57
What is the greatest common factor of 10 and 28427530?
10
Calculate the greatest common divisor of 14300 and 108940.
260
Calculate the greatest common factor of 339 and 840804.
3
Calculate the greatest common divisor of 320 and 27943624.
8
What is the highest common factor of 575379 and 441?
63
What is the highest common divisor of 94 and 3380630?
2
Calculate the highest common factor of 12 and 25065396.
12
What is the greatest common divisor of 40034593 and 326?
163
What is the greatest common divisor of 4257754 and 44746?
3442
What is the highest common factor of 865130 and 16745?
85
Calculate the highest common divisor of 26090 and 110.
10
Calculate the highest common factor of 4842 and 6423.
3
What is the greatest common divisor of 21 and 28067704?
7
What is the highest common divisor of 1512 and 2594312?
56
What is the highest common divisor of 21 and 4503051?
21
Calculate the greatest common divisor of 4228 and 2130308.
604
Calculate the highest common factor of 5335275 and 20625.
825
Calculate the greatest common divisor of 505 and 274771106.
101
What is the highest common divisor of 20643 and 41931831?
2949
Calculate the greatest common factor of 16 and 345290784.
16
Calculate the greatest common divisor of 10813893 and 12.
3
Calculate the highest common divisor of 119 and 397358612.
119
Calculate the highest common divisor of 1709582 and 2.
2
Calculate the greatest common factor of 229812 and 11.
11
Calculate the greatest common factor of 2 and 5627366.
2
What is the greatest common factor of 77 and 58175733?
77
Calculate the highest common divisor of 2324 and 1098524.
28
What is the highest common factor of 32 and 15244464?
16
What is the highest common divisor of 23322970 and 220?
110
What is the highest common factor of 6780 and 262836?
12
What is the highest common divisor of 735401 and 477824?
3733
What is the highest common divisor of 39861 and 10585413?
927
Calculate the highest common factor of 140 and 71740.
20
Calculate the greatest common divisor of 1161 and 36335043.
387
Calculate the greatest common factor of 19491705 and 5535.
135
What is the greatest common divisor of 25868404 and 956?
956
What is the highest common divisor of 1153395 and 2470?
95
Calculate the greatest common factor of 24498 and 390966.
6
What is the greatest common divisor of 6144 and 261?
3
What is the highest common divisor of 14623 and 4592?
7
Calculate the greatest common factor of 5794 and 4922003.
2897
Calculate the greatest common divisor of 22245 and 107565.
15
Calculate the greatest common divisor of 56 and 33869864.
56
What is the greatest common factor of 762162 and 753666?
354
Calculate the highest common factor of 7